value of 18 + (23 - 39) + (-1 - -33)?
34
What is -1 + 0 - (1 - (-8 + -6) - 5)?
-11
What is the value of (-7 + 8 - -6) + (-4 - -14)?
17
Evaluate 8 - ((10 - 14) + 6 + 7 - -11).
-12
Evaluate -3 + -10 - (-14 - 10 - 0).
11
What is the value of -11 + 1 - 5 - -38?
23
What is (1 - -7) + 1 + 3 + -6 + 6?
12
Calculate -27 + 32 + -5 - (5 + 1).
-6
What is (38 - 26) + (-20 - -7)?
-1
What is the value of -12 + (19 - (-9 - -24))?
-8
What is the value of -17 + -1 + (-40 - (-27 - 2))?
-29
What is -2 + -3 + 14 + 0 + -7?
2
Calculate -19 + (4 - -5) + 11.
1
What is -20 - -18 - -22 - (-2 - -12)?
10
What is (-1 - 28) + (-368 - -400)?
3
What is 0 + (-16 - 1 - -22)?
5
What is the value of -1 - (7 - 0) - -9?
1
Evaluate 11 - ((8 - 9) + 25).
-13
What is the value of (-3 - -1 - -17) + (72 - 112)?
-25
What is -3 + 2 + -1 + -187 + 187?
-2
1 + -19 + 24 + (-2 - -6 - 11)
-1
What is 3 - (-8 + -3 + 27) - -33?
20
What is (3 + -6 - (18 + -30)) + -4?
5
What is the value of 23 - 6 - (-5 - -28)?
-6
(-10 + 6 - (12 - 8)) + -5
-13
Evaluate -5 - 8 - (-10 - (-7 + 1 - -3)).
-6
What is 2 + 13 + -2 - 11?
2
What is the value of 6 - (12 + (-3 - 12))?
9
Evaluate 12 + (14 - ((-9 - -6) + 37)).
-8
-30 + -3 + (-83 - -145)
29
Evaluate -3 + 0 + 7 + -4 + (-1 - 2).
-3
Calculate -19 + (35 - 2) + -21.
-7
-1 - (-13 + 6 - 6)
12
Calculate 3 - 5 - -4 - (0 + 2 + -15).
15
Evaluate 8 + 3 - (-1 + 2 - 5).
15
Calculate 0 + -8 + (75 - 36) + -43.
-12
(1 - (1 + 1)) + (31 - 14 - 19)
-3
What is the value of -521 + 525 + -1 + 1 + -4?
0
-21 + -10 + 19 + -2 + -4
-18
Calculate (-5 - 0) + -21 - (1 + -7 - -3).
-23
5 - (-11 + 3 + (6 - (13 + -10)))
10
Evaluate -3 + -6 + 26 + (3 - 4 - 1).
15
Evaluate 4 + (-11 + 8 - 5) + -12.
-16
Calculate (-4 + 31 - -12) + (-3 - 1) + -8.
27
75 + -51 + -35 + -15 + 3
-23
24 - (-23 - (-44 - -20))
23
Evaluate 0 + 0 + (-7 - -9) + (-6 - -10).
6
Evaluate 84 - (33 - 0) - 14.
37
10 + (21 - (-28 + 43))
16
What is 7 - (-6 + 16 + -6) - (9 + 3)?
-9
What is (10 - 5) + 0 + 11 + 1?
17
What is 7 - (-3 + 1 - (1 - 4 - 4))?
2
Calculate (-649 - -649) + (19 - -1).
20
What is 3 - (-2 - 16 - (0 - (13 + -8)))?
16
What is the value of (-13 - -4) + -15 + 9 - -11?
-4
14 + (-14 - 35) + 20
-15
(-13 - -5) + (5 - (-2 + 5 - -5))
-11
What is the value of 1 + -1 - ((16 - -3) + -17)?
-2
What is the value of 39 + -36 - (-14 - -6)?
11
3 - (1 + -7 - (-22 + (21 - -1)))
9
2 - -7 - 5 - 7 - (0 + -16)
13
Calculate -19 - (21 - 20 - 38).
18
Evaluate -33 + 15 + 10 + 4 + -7.
-11
Calculate (0 - 0) + (-3 - 1) + -237 + 262.
21
What is -34 + (4 + -20 + 25 - -6)?
-19
Calculate -4 + 0 + (-25 + 2 - (109 - 116)).
-20
Evaluate -6 - (25 + -20 + (-2 - 7)).
-2
What is the value of (-12 + 7 - -22) + (-18 - -11)?
10
Calculate -30 + 62 - 8 - 44.
-20
Calculate 28 - ((54 - 63 - (1 + -1)) + 15).
22
Calculate (-2 + -3 - -2) + (0 - -8).
5
What is 21 - (15 - (-2 + 16 + -2))?
18
(5 - (18 - 9)) + -2
-6
-36 - (-41 + 16) - -21
10
What is 5 + 5 + (4 + -6 - 1) - -3?
10
What is -2 + (-20 - -30) + 0?
8
-5 + 15 + 0 - (-2 - -11 - 8)
9
What is 6 + 4 + -3 + 9 + -16?
0
What is 0 + -2 + (-17 - (-24 + 13))?
-8
18 + -25 + 20 + -24
-11
Evaluate 4 - 1 - (-171 + 173).
1
14 - (-53 - -15 - -5) - 14
33
Calculate -3 - 4 - -11 - 8.
-4
Evaluate -12 + (-86 - -98) - (0 + 13).
-13
(7 - (-4 + 3 + 5)) + -10
-7
What is 2 + 8 + (-12 - (32 + -9)) - 11?
-36
Evaluate 173 + -155 + (1 - (5 - 4)).
18
What is the value of 26 + -3 + -3 + (-57 - -50)?
13
What is (-41 + 69 - (3 - (2 - 2))) + 2?
27
-35 - -30 - -11 - (1 - 0)
5
What is 1 - (-10 + (3 - (-8 + 12)))?
12
Evaluate -36 - (-15 + -21 - 3).
3
What is -56 - -45 - (12 - 30)?
7
Evaluate -8 + (9 - 24 - -39).
16
Calculate 0 + 1 + (17 - 0 - (488 + -469)).
-1
Calculate -14 + (8 - (8 + -10)).
-4
Calculate -110 - -116 - (-2 + (0 + 2 - 1)).
7
4 + -1 + (-37 + 21 - -20) + 6
13
What is the value of -32 - (3 + (-24 - -24) + (0 - 8))?
-27
Evaluate (-2 - (-3 + -7 + 9)) + (-10 - -20).
9
What is (12 - (20 + -8 - 9)) + (9 - 1)?
17
-5 + (4 + 11 + -10 - (0 + 13))
-13
What is -3 + -14 + (13 - 10) + (2 - 2)?
-14
Evaluate 14 + -20 + (-3 + 12 - 16).
-13
-15 + (35 - (19 + -9))
10
(-29 - -25) + -14 + 17
-1
2 + 20 + (4 + -11 - -11 - 9)
17
Calculate 40 - 4 - (-54 - -64).
26
What is -22 + 1 + -1215 + 1242?
6
(-5 - -4 - -6) + -6 + -28 + 3
-26
(13 - 22 - -6 - (5 - -12)) + 6
-14
3 + -8 + (-1 - (-2 + (7 - -1)))
-12
What is -9 - (7 + (-25 - (9 + -2)))?
16
What is the value of 11 + (-23 - -12) - 13 - (-4 - 0)?
-9
Calculate -3 + ((5 - (1 - -2)) + -5 - -3).
-3
What is the value of (19 - -10 - 20) + 2?
11
Calculate 101 + -107 - ((-3 - -2) + 2 - -7).
-14
-1 + (-59 - -62) + 4 + -3 + 1
4
(-3 - (-5 - -2)) + (7 - (-6 + 11))
2
Calculate -2 - -3 - 9 - (-566 - -555).
3
What is -12 - ((-6 - -2) + 5 + -5 + 9)?
-17
-2 + -13 + -3 + 19
1
What is (-8 - -8) + (4 - 11) + 22 + 0?
15
Evaluate 47 + -11 + 11 - 14 - 14.
19
What is the value of -3 - (-2 + 1 + 8 + -4)?
-6
Calculate 1 + 0 + 10 - (-265 - -244).
32
What is the value of (-2 + 10 - -5) + -25 + 15?
3
What is the value of -28 + (2 - (-4 - 6))?
-16
What is the value of (2 - (15 + -6)) + 4 - (0 - 7)?
4
What is -16 + 25 - (-10 - -10)?
9
Evaluate (42 + -51 - (-1 + 2)) + 8.
-2
What is (-20 - 2) + -1 + -1 - (525 + -533)?
-16
What is -18 - (-45 + 16) - 20?
-9
Evaluate -9 + (-10 - 5) + 7 + 3 + 43.
29
What is the value of (32 - 60) + 23 + -1 + 4?
-2
What is the value of 11 - (1 + 6) - 3?
1
What is -8 + -1 + -919 + 932?
4
What is the value of (0 + -5 - (-6 - -1)) + -6 - -1?
-5
Calculate (921 - 916) + 0 + (-5 - (0 + -1)).
1
What is -1 + 15 + -9 + -5 + 6?
6
What is the value of (20 - (-6 + 8) - 6) + -3?
9
What is -3 - -1 - -10 - (-19 - -6)?
21
6 - (6 - (23 - (4 - -2)))
17
What is the value of 48 - (93 - 53) - (-1 + -14)?
23
285 + -275 - (0 - (9 + 0))
19
Evaluate -8 + -3 + 2 + (5 - 7).
-11
What is the value of -25 - (-1 + 6 - 9 - -3)?
-24
Calculate 561 + -620 + (39 - 0).
-20
What is (10 - 6) + -3 + -1 + 3 - -3?
6
13 - (-8 + 33) - (-3 - (3 - -2))
-4
What is the value of 14 + 5 + 109 + -120?
8
Calculate -28 + 1 - (-4 - 0 - (-173 - -171)).
-25
What is -10 + 0 + 2 + 6 + -11?
-13
Calculate -10 - (-2 + 3 + 4 + -1).
-14
What is -45 - (11 - (22 - -57))?
23
What is ((-9 - -15) + -1 - -8) + -1?
12
Evaluate (-6 - 6) + -20 + 15 + 4.
-13
Evaluate 2 - ((-1 - -9) + -4 + (-3 - 1)).
2
Calculate -88 - -84 - (-1 + (-4 - -9) - 3).
-5
Calculate 1 + 4 + -7 + 9 + (4 - 9).
2
What is -18 - (-4 - 1) - -16?
3
-10 - (-10 - 7) - 12
-5
Calculate 0 + 9 + (5 + -1 - -1) + -5.
9
-1 - (-36 + 15 + -1)
21
34 - (-32 + (62 - -7))
-3
Calculate -13 + (29 - 23) - -25.
18
What is -6 - (52 - 59) - (-1 + 2 + 9)?
-9
Evaluate -75 + 59 - (1 + 3).
-20
What is 18 + (-19 - -10) + (0 - 7)?
2
What is -38 + (-6 - (-4 + -4 + (-2 - 5)))?
-29
Evaluate 38 - 33 - (-5 + 3 - -1).
6
What is the value of (-52 - (4 - 12)) + 80?
36
What is the value of (0 - -9) + 139 + -154?
-6
What is 12 - (31 - (-52 - -37))?
-34
Calculate (89 - 115) + (2 - -10) - -11.
-3
Evaluate -1 + 7 + -36 + 14.
-16
What is -17 + 43 + -11 - (0 + 3 - 6)?
18
Calculate 1 - 5 - 37 - -12.
-29
7 + (6 - 11 - 2) - -11
11
-2 + 15 + 0 - (12 - (-47 + 49))
3
What is 2 - 0 - (1 + 0 + (-106 - -98))?
9
-7 - ((27 - 50) + 38)
-22
Calculate 3 + (0 - -12) + -10.
5
What is the value of (-2 - -29) + -10 - 56?
-39
Evaluate (7 - (-40 - -46)) + 17.
18
Evaluate 1 - 4 - (-145 - -157).
-15
9 + -1 - (-223 + 239) - 2
-10
Calculate -10 - 2 - (2 - -7 - 15).
-6
What is the value of -9 - (12 - 5) - -23?
7
What is the value of -50 + (-30 - -55) + 48?
23
Calculate (3 - 5) + (-11 - -25).
12
What is 1 - 16 - 1 - (-26 - -22)?
-12
17 + -17 + (18 - 13)
5
-4 + (3 - -9) + -20 + 15
3
0 - (4 + -10) - (-3 - -21)
-12
Evaluate -19 + (-17 - -32) - (1 - 19).
14
What is the value of (-2 - -4 - -4) + -1?
5
Evaluate -55 - (-56 - (-50 - -18)).
-31
31 + (-10 - (10 - (6 - (-18 + 9))))
26
-26 - (3 - (10 + 1)) - 22
-40
(-75 - -75) + -2 + 1 + -3 + -7
-11
Calculate 8 + -9 + (13 - 21).
-9
(6 - -9) + (7 - 11)
11
Calculate 1 + 8 + (3 - ((-2 - -2) + 1)).
11
Calculate -21 - (-40 - (-13 - -12)).
18
Evaluate (-70 - -114) + (-6 - -5 - 2) + -7.
34
What is 1 + -3 + -3 + 6 + -9 + 29?
21
What is (18 - (-10 + 29)) + -14?
-15
Calculate 20 + 1 + (40 - 32) - (9 - 0).
20
Evaluate 49 + -36 + (-38 - -41).
16
Evaluate -13 + 34 + -5 - (-2 + 7 + 3).
8
Calculate (26 - 25) + (3 - (-8 - (0 - 1))).
11
Calculate (44 - 43 - -8) + 1 + 2